{"id":316,"date":"2022-09-22T13:41:19","date_gmt":"2022-09-22T13:41:19","guid":{"rendered":"https:\/\/santossimon.com.br\/dev\/?post_type=product&#038;p=316"},"modified":"2025-06-05T21:16:52","modified_gmt":"2025-06-05T21:16:52","slug":"direito-previdenciario","status":"publish","type":"product","link":"https:\/\/santossimon.com.br\/dev\/produto\/direito-previdenciario\/","title":{"rendered":"Direito Previdenci\u00e1rio"},"content":{"rendered":"<p><strong>DESCRI\u00c7\u00c3O:<\/strong><\/p>\n<p>A Editora Santos Simon inicia o aux\u00edlio aos profissionais de direito previdenci\u00e1rio. E assim, disponibilizamos um material, manual e pr\u00e1tico\u00a0contendo modelos de peti\u00e7\u00f5es e jurisprud\u00eancias.<\/p>\n<p><strong>MATERIAL ACOMPANHA:<\/strong><\/p>\n<p>&#8211; Peti\u00e7\u00e3o completa.<\/p>\n<p>&#8211; A\u00e7\u00f5es: A\u00e7\u00e3o de aposentadoria. A\u00e7\u00e3o revisional da vida toda.<\/p>\n<p>&#8211; Recurso especial para fins de tema 1105 STJ.<\/p>\n<p>&#8211; Artigos: S\u00famula 111 do STJ.<\/p>\n<p>&#8211; Afastamento Tema 1105 do STJ. Revis\u00e3o da vida toda. Jurisprud\u00eancia.<\/p>\n<p>&nbsp;<\/p>\n<p><strong>Obtenha a amostra deste produto realizando o download logo abaixo em <span style=\"color: #ca1111\">formato PDF:<\/span><\/strong><\/p>\n<a  href=\"https:\/\/santossimon.com.br\/dev\/wp-summary\/MATERIAL-DE-EXEMPLO-Direito-Previdenciario.pdf\" target=\"_blank\"   class=\"aux-button aux-medium aux-dark-gray aux-outline aux-uppercase\" ><span class=\"aux-overlay\"><\/span><span class=\"aux-text\">Acesse aqui<\/span><\/a>\n","protected":false},"excerpt":{"rendered":"<p>A Editora Santos Simon inicia o aux\u00edlio aos profissionais de direito previdenci\u00e1rio. E assim, disponibilizamos um material, manual e pr\u00e1tico\u00a0contendo modelos de peti\u00e7\u00f5es e jurisprud\u00eancias.<\/p>\n<p>MATERIAL ACOMPANHA:<\/p>\n<p>Peti\u00e7\u00e3o completa.<br \/>\nA\u00e7\u00f5es: A\u00e7\u00e3o de aposentadoria. A\u00e7\u00e3o revisional da vida toda.<br \/>\nRecurso especial para fins de tema 1105 STJ.<br \/>\nArtigos: S\u00famula 111 do STJ.<br \/>\nAfastamento Tema 1105 do STJ.<br \/>\nRevis\u00e3o da vida toda.<br \/>\nJurisprud\u00eancia.<\/p>\n","protected":false},"featured_media":954,"comment_status":"open","ping_status":"closed","template":"","meta":[],"product_brand":[],"product_cat":[18],"product_tag":[],"class_list":{"0":"post-316","1":"product","2":"type-product","3":"status-publish","4":"has-post-thumbnail","6":"product_cat-advogados","8":"first","9":"instock","10":"shipping-taxable","11":"purchasable","12":"product-type-simple"},"_links":{"self":[{"href":"https:\/\/santossimon.com.br\/dev\/wp-json\/wp\/v2\/product\/316","targetHints":{"allow":["GET"]}}],"collection":[{"href":"https:\/\/santossimon.com.br\/dev\/wp-json\/wp\/v2\/product"}],"about":[{"href":"https:\/\/santossimon.com.br\/dev\/wp-json\/wp\/v2\/types\/product"}],"replies":[{"embeddable":true,"href":"https:\/\/santossimon.com.br\/dev\/wp-json\/wp\/v2\/comments?post=316"}],"wp:featuredmedia":[{"embeddable":true,"href":"https:\/\/santossimon.com.br\/dev\/wp-json\/wp\/v2\/media\/954"}],"wp:attachment":[{"href":"https:\/\/santossimon.com.br\/dev\/wp-json\/wp\/v2\/media?parent=316"}],"wp:term":[{"taxonomy":"product_brand","embeddable":true,"href":"https:\/\/santossimon.com.br\/dev\/wp-json\/wp\/v2\/product_brand?post=316"},{"taxonomy":"product_cat","embeddable":true,"href":"https:\/\/santossimon.com.br\/dev\/wp-json\/wp\/v2\/product_cat?post=316"},{"taxonomy":"product_tag","embeddable":true,"href":"https:\/\/santossimon.com.br\/dev\/wp-json\/wp\/v2\/product_tag?post=316"}],"curies":[{"name":"wp","href":"https:\/\/api.w.org\/{rel}","templated":true}]}}