{"id":314,"date":"2022-09-22T13:38:38","date_gmt":"2022-09-22T13:38:38","guid":{"rendered":"https:\/\/santossimon.com.br\/dev\/?post_type=product&#038;p=314"},"modified":"2025-06-05T21:15:27","modified_gmt":"2025-06-05T21:15:27","slug":"1o-banco-de-peticoes-judiciais","status":"publish","type":"product","link":"https:\/\/santossimon.com.br\/dev\/produto\/1o-banco-de-peticoes-judiciais\/","title":{"rendered":"1\u00ba Banco Peti\u00e7\u00f5es Judiciais e Jurisprud\u00eancias"},"content":{"rendered":"<p><strong>DESCRI\u00c7\u00c3O:<\/strong><\/p>\n<p>A Editora Santos Simon inaugura o aux\u00edlio tamb\u00e9m aos advogados cuja defesa do interesse de seus clientes se dar\u00e1 pela via judicial. E assim, disponibilizamos um material pr\u00e1tico, contendo modelos das peti\u00e7\u00f5es iniciais mais utilizadas na \u00e1rea do direito da fam\u00edlia, sucess\u00f5es, jurisdi\u00e7\u00e3o volunt\u00e1ria, direito registral, direito de propriedade, direito condominial, direito do trabalho, direito da personalidade vale dizer, para pedido, revis\u00e3o, exonera\u00e7\u00e3o e execu\u00e7\u00e3o de alimentos, div\u00f3rcio, dissolu\u00e7\u00e3o de uni\u00e3o est\u00e1vel, e invent\u00e1rio.<\/p>\n<p>O profissional do direito poder\u00e1 confeccionar suas peti\u00e7\u00f5es de maneira mais segura e\u00a0r\u00e1pida, com a jurisprud\u00eancia voltada a cada pe\u00e7a.\u00a0Um total de vinte e cinco pe\u00e7as e quarenta e sete jurisprud\u00eancias voltadas a atender a fundamenta\u00e7\u00e3o das pe\u00e7as apresentadas.<\/p>\n<p>&#8211; FAM\u00cdLIA \u2013 8 A\u00e7\u00f5es: A\u00e7\u00e3o de Alimentos c\/c Provis\u00f3rios; A\u00e7\u00e3o Revisional \u2013 majora\u00e7\u00e3o;<\/p>\n<ul>\n<li>A\u00e7\u00e3o Revisional \u2013 minora\u00e7\u00e3o; Acordo &#8211; Dissolu\u00e7\u00e3o de Uni\u00e3o Est\u00e1vel c\/c alimentos; A\u00e7\u00e3o de Div\u00f3rcio;<\/li>\n<li>Execu\u00e7\u00e3o de Alimentos \u2013 Rito de Expropria\u00e7\u00e3o; Execu\u00e7\u00e3o de Alimentos \u2013 Rito de Pris\u00e3o Civil;<\/li>\n<li>A\u00e7\u00e3o de Exonera\u00e7\u00e3o de Alimentos.<\/li>\n<\/ul>\n<p>&#8211; SUCESS\u00d5ES \u2013 6 A\u00e7\u00f5es: A\u00e7\u00e3o de Abertura de Testamento \u2013 requerente herdeiro; A\u00e7\u00e3o de<\/p>\n<ul>\n<li>Abertura de Testamento \u2013 requerente testamenteiro; Arrolamento; A\u00e7\u00e3o de Invent\u00e1rio; Sobrepartilha;<\/li>\n<li>A\u00e7\u00e3o de Invent\u00e1rio Negativo.<\/li>\n<\/ul>\n<p>&#8211; JURISDI\u00c7\u00c3O VOLUNT\u00c1RIA \u2013 3 A\u00e7\u00f5es: Alvar\u00e1 \u2013 levantamento de valores em Invent\u00e1rio;<\/p>\n<ul>\n<li>Alvar\u00e1 \u2013Outorga de Escritura em Invent\u00e1rio; Alvar\u00e1 \u2013 levantamento de valores sem Invent\u00e1rio.<\/li>\n<\/ul>\n<p>&#8211; DIREITO REGISTRAL \u2013 1 A\u00e7\u00e3o: A\u00e7\u00e3o de Adjudica\u00e7\u00e3o Compuls\u00f3ria.<\/p>\n<p>&#8211; DIREITO DE PROPRIEDADE \u2013 2 A\u00e7\u00f5es: A\u00e7\u00e3o de extin\u00e7\u00e3o de condom\u00ednio e Aliena\u00e7\u00e3o; A\u00e7\u00e3o de Despejo.<\/p>\n<p>&#8211; DIREITO CONDOMINIAL \u2013 2 A\u00e7\u00f5es: A\u00e7\u00e3o de Cobran\u00e7a \u2013 cota condominial; Execu\u00e7\u00e3o de T\u00edtulo Extrajudicial \u2013 cota condominial.<\/p>\n<p>&#8211; DIREITO DO TRABALHO \u2013 2 A\u00e7\u00f5es: Reclamat\u00f3ria Trabalhista \u2013 Rito Sumar\u00edssimo; Reclamat\u00f3ria Trabalhista<\/p>\n<p>pelo Rito Ordin\u00e1rio.<\/p>\n<p>&#8211; DIREITO DA PERSONALIDADE \u2013 1 A\u00e7\u00e3o: A\u00e7\u00e3o de Interdi\u00e7\u00e3o com pedido de Curatela.<\/p>\n<p>&nbsp;<\/p>\n<p><strong>Obtenha a amostra deste produto realizando o download logo abaixo em <span style=\"color: #ca1111;\">formato PDF:<\/span><\/strong><\/p>\n<a  href=\"https:\/\/santossimon.com.br\/dev\/wp-summary\/EXEMPLO-DE-MATERIAL-1o-Banco-Peticoes-Judiciais-e-Jurisprudencias.pdf\" target=\"_blank\"   class=\"aux-button aux-medium aux-dark-gray aux-outline aux-uppercase\" ><span class=\"aux-overlay\"><\/span><span class=\"aux-text\">Acesse aqui<\/span><\/a>\n","protected":false},"excerpt":{"rendered":"<p>A Editora Santos Simon inaugura o aux\u00edlio tamb\u00e9m aos advogados cuja defesa do interesse de seus clientes se dar\u00e1 pela via judicial. E assim, disponibilizamos um material pr\u00e1tico, contendo modelos das peti\u00e7\u00f5es iniciais mais utilizadas na \u00e1rea do direito da fam\u00edlia, sucess\u00f5es, jurisdi\u00e7\u00e3o volunt\u00e1ria, direito registral, direito de propriedade, direito condominial, direito do trabalho, direito da personalidade vale dizer, para pedido, revis\u00e3o, exonera\u00e7\u00e3o e execu\u00e7\u00e3o de alimentos, div\u00f3rcio, dissolu\u00e7\u00e3o de uni\u00e3o est\u00e1vel, e invent\u00e1rio.<\/p>\n<p>O profissional do direito poder\u00e1 confeccionar suas peti\u00e7\u00f5es de maneira mais segura e\u00a0r\u00e1pida, com a jurisprud\u00eancia voltada a cada pe\u00e7a.\u00a0Um total de vinte e cinco pe\u00e7as e quarenta e sete jurisprud\u00eancias voltadas a atender a fundamenta\u00e7\u00e3o das pe\u00e7as apresentadas.<\/p>\n","protected":false},"featured_media":881,"comment_status":"open","ping_status":"closed","template":"","meta":[],"product_brand":[],"product_cat":[18],"product_tag":[],"class_list":{"0":"post-314","1":"product","2":"type-product","3":"status-publish","4":"has-post-thumbnail","6":"product_cat-advogados","8":"first","9":"instock","10":"shipping-taxable","11":"purchasable","12":"product-type-simple"},"_links":{"self":[{"href":"https:\/\/santossimon.com.br\/dev\/wp-json\/wp\/v2\/product\/314","targetHints":{"allow":["GET"]}}],"collection":[{"href":"https:\/\/santossimon.com.br\/dev\/wp-json\/wp\/v2\/product"}],"about":[{"href":"https:\/\/santossimon.com.br\/dev\/wp-json\/wp\/v2\/types\/product"}],"replies":[{"embeddable":true,"href":"https:\/\/santossimon.com.br\/dev\/wp-json\/wp\/v2\/comments?post=314"}],"wp:featuredmedia":[{"embeddable":true,"href":"https:\/\/santossimon.com.br\/dev\/wp-json\/wp\/v2\/media\/881"}],"wp:attachment":[{"href":"https:\/\/santossimon.com.br\/dev\/wp-json\/wp\/v2\/media?parent=314"}],"wp:term":[{"taxonomy":"product_brand","embeddable":true,"href":"https:\/\/santossimon.com.br\/dev\/wp-json\/wp\/v2\/product_brand?post=314"},{"taxonomy":"product_cat","embeddable":true,"href":"https:\/\/santossimon.com.br\/dev\/wp-json\/wp\/v2\/product_cat?post=314"},{"taxonomy":"product_tag","embeddable":true,"href":"https:\/\/santossimon.com.br\/dev\/wp-json\/wp\/v2\/product_tag?post=314"}],"curies":[{"name":"wp","href":"https:\/\/api.w.org\/{rel}","templated":true}]}}