{"id":1822,"date":"2024-08-19T20:38:10","date_gmt":"2024-08-19T20:38:10","guid":{"rendered":"https:\/\/santossimon.com.br\/dev\/?post_type=product&#038;p=1822"},"modified":"2025-06-05T21:10:53","modified_gmt":"2025-06-05T21:10:53","slug":"programa-minha-casa-minha-vida-lei-14-620-2023","status":"publish","type":"product","link":"https:\/\/santossimon.com.br\/dev\/produto\/programa-minha-casa-minha-vida-lei-14-620-2023\/","title":{"rendered":"Programa Minha Casa Minha Vida &#8211; Lei 14.620\/2023"},"content":{"rendered":"<p><strong>DESCRI\u00c7\u00c3O:<\/strong><\/p>\n<div class=\"dce-visibility-event elementor-element elementor-element-05f661d e-con-full e-flex e-con dce-visibility-event-initialized\" data-id=\"05f661d\" data-element_type=\"container\" data-settings=\"{&quot;content_width&quot;:&quot;full&quot;,&quot;enabled_visibility&quot;:&quot;yes&quot;,&quot;dce_visibility_selected&quot;:&quot;yes&quot;}\">\n<div class=\"dce-visibility-event elementor-element elementor-element-81df542 elementor-position-left elementor-widget__width-initial elementor-vertical-align-top elementor-widget elementor-widget-image-box dce-visibility-event-initialized\" data-id=\"81df542\" data-element_type=\"widget\" data-settings=\"{&quot;enabled_visibility&quot;:&quot;yes&quot;,&quot;dce_visibility_selected&quot;:&quot;yes&quot;}\" data-widget_type=\"image-box.default\">\n<div class=\"elementor-widget-container\">\n<div class=\"elementor-image-box-wrapper\">\n<div class=\"elementor-image-box-content\">\n<div class=\"dce-visibility-event elementor-element elementor-element-2e0d095 e-con-full e-flex e-con dce-visibility-event-initialized\" data-id=\"2e0d095\" data-element_type=\"container\" data-settings=\"{&quot;content_width&quot;:&quot;full&quot;,&quot;enabled_visibility&quot;:&quot;yes&quot;,&quot;dce_visibility_selected&quot;:&quot;yes&quot;}\">\n<div class=\"dce-visibility-event elementor-element elementor-element-92454f5 elementor-position-left elementor-widget__width-initial elementor-vertical-align-top elementor-widget elementor-widget-image-box dce-visibility-event-initialized\" data-id=\"92454f5\" data-element_type=\"widget\" data-settings=\"{&quot;enabled_visibility&quot;:&quot;yes&quot;,&quot;dce_visibility_selected&quot;:&quot;yes&quot;}\" data-widget_type=\"image-box.default\">\n<div class=\"elementor-widget-container\">\n<div class=\"elementor-image-box-wrapper\">\n<div class=\"elementor-image-box-content\">\n<div class=\"dce-visibility-event elementor-element elementor-element-ee35ca4 e-con-full e-flex e-con dce-visibility-event-initialized\" data-id=\"ee35ca4\" data-element_type=\"container\" data-settings=\"{&quot;content_width&quot;:&quot;full&quot;,&quot;enabled_visibility&quot;:&quot;yes&quot;,&quot;dce_visibility_selected&quot;:&quot;yes&quot;}\">\n<div class=\"dce-visibility-event elementor-element elementor-element-072ba4f elementor-position-left elementor-widget__width-initial elementor-vertical-align-top elementor-widget elementor-widget-image-box dce-visibility-event-initialized\" data-id=\"072ba4f\" data-element_type=\"widget\" data-settings=\"{&quot;enabled_visibility&quot;:&quot;yes&quot;,&quot;dce_visibility_selected&quot;:&quot;yes&quot;}\" data-widget_type=\"image-box.default\">\n<div class=\"elementor-widget-container\">\n<div class=\"elementor-image-box-wrapper\">\n<div class=\"elementor-image-box-content\">\n<p class=\"elementor-image-box-description\">Apresentamos importantes altera\u00e7\u00f5es legais, incluindo modifica\u00e7\u00f5es nos artigos do C\u00f3digo Civil e na Lei de Registros P\u00fablicos, al\u00e9m de acr\u00e9scimos e altera\u00e7\u00f5es na Lei 6.766\/1973, com destaque para os procedimentos relacionados aos registros de contratos do Programa Minha Casa Minha Vida (PMCMV). Essas mudan\u00e7as abrangem aspectos como custas no \u00e2mbito do PMCMV e penalidades por descumprimento na cobran\u00e7a. O material tamb\u00e9m oferece modelos de registros e averba\u00e7\u00f5es, abrangendo diversas situa\u00e7\u00f5es como aquisi\u00e7\u00f5es no sistema PMCMV, aliena\u00e7\u00f5es fiduci\u00e1rias, c\u00e9dulas de cr\u00e9dito banc\u00e1rio e outros documentos relacionados \u00e0 posse provis\u00f3ria e \u00e0 afeta\u00e7\u00e3o.<\/p>\n<\/div>\n<\/div>\n<\/div>\n<\/div>\n<\/div>\n<\/div>\n<\/div>\n<\/div>\n<\/div>\n<\/div>\n<\/div>\n<\/div>\n<\/div>\n<\/div>\n<\/div>\n<p><strong>Obtenha a amostra deste produto realizando o download logo abaixo em <span style=\"color: #ca1111;\">formato PDF:<\/span><\/strong><\/p>\n<a  href=\"http:\/\/LINK_AQUI\" target=\"_blank\"   class=\"aux-button aux-medium aux-dark-gray aux-outline aux-uppercase\" ><span class=\"aux-overlay\"><\/span><span class=\"aux-text\">Acesse aqui<\/span><\/a>\n","protected":false},"excerpt":{"rendered":"<p>DESCRI\u00c7\u00c3O: Apresentamos importantes altera\u00e7\u00f5es legais, incluindo modifica\u00e7\u00f5es nos artigos do C\u00f3digo Civil e na Lei de Registros P\u00fablicos, al\u00e9m de acr\u00e9scimos e altera\u00e7\u00f5es na Lei 6.766\/1973, com destaque para os procedimentos relacionados aos registros de contratos do Programa Minha Casa Minha Vida (PMCMV). Essas mudan\u00e7as abrangem aspectos como custas no \u00e2mbito do PMCMV e penalidades [&hellip;]<\/p>\n","protected":false},"featured_media":1823,"comment_status":"open","ping_status":"closed","template":"","meta":[],"product_brand":[],"product_cat":[16],"product_tag":[],"class_list":{"0":"post-1822","1":"product","2":"type-product","3":"status-publish","4":"has-post-thumbnail","6":"product_cat-cartorios","8":"first","9":"instock","10":"virtual","11":"purchasable","12":"product-type-simple"},"_links":{"self":[{"href":"https:\/\/santossimon.com.br\/dev\/wp-json\/wp\/v2\/product\/1822","targetHints":{"allow":["GET"]}}],"collection":[{"href":"https:\/\/santossimon.com.br\/dev\/wp-json\/wp\/v2\/product"}],"about":[{"href":"https:\/\/santossimon.com.br\/dev\/wp-json\/wp\/v2\/types\/product"}],"replies":[{"embeddable":true,"href":"https:\/\/santossimon.com.br\/dev\/wp-json\/wp\/v2\/comments?post=1822"}],"wp:featuredmedia":[{"embeddable":true,"href":"https:\/\/santossimon.com.br\/dev\/wp-json\/wp\/v2\/media\/1823"}],"wp:attachment":[{"href":"https:\/\/santossimon.com.br\/dev\/wp-json\/wp\/v2\/media?parent=1822"}],"wp:term":[{"taxonomy":"product_brand","embeddable":true,"href":"https:\/\/santossimon.com.br\/dev\/wp-json\/wp\/v2\/product_brand?post=1822"},{"taxonomy":"product_cat","embeddable":true,"href":"https:\/\/santossimon.com.br\/dev\/wp-json\/wp\/v2\/product_cat?post=1822"},{"taxonomy":"product_tag","embeddable":true,"href":"https:\/\/santossimon.com.br\/dev\/wp-json\/wp\/v2\/product_tag?post=1822"}],"curies":[{"name":"wp","href":"https:\/\/api.w.org\/{rel}","templated":true}]}}