{"id":1815,"date":"2024-08-19T20:29:51","date_gmt":"2024-08-19T20:29:51","guid":{"rendered":"https:\/\/santossimon.com.br\/dev\/?post_type=product&#038;p=1815"},"modified":"2024-08-19T20:32:27","modified_gmt":"2024-08-19T20:32:27","slug":"lei-geral-de-protecao-de-dados-2","status":"publish","type":"product","link":"https:\/\/santossimon.com.br\/dev\/produto\/lei-geral-de-protecao-de-dados-2\/","title":{"rendered":"Lei Geral de Prote\u00e7\u00e3o de Dados"},"content":{"rendered":"<p><strong>DESCRI\u00c7\u00c3O:<\/strong><\/p>\n<div class=\"dce-visibility-event elementor-element elementor-element-05f661d e-con-full e-flex e-con dce-visibility-event-initialized\" data-id=\"05f661d\" data-element_type=\"container\" data-settings=\"{&quot;content_width&quot;:&quot;full&quot;,&quot;enabled_visibility&quot;:&quot;yes&quot;,&quot;dce_visibility_selected&quot;:&quot;yes&quot;}\">\n<div class=\"dce-visibility-event elementor-element elementor-element-81df542 elementor-position-left elementor-widget__width-initial elementor-vertical-align-top elementor-widget elementor-widget-image-box dce-visibility-event-initialized\" data-id=\"81df542\" data-element_type=\"widget\" data-settings=\"{&quot;enabled_visibility&quot;:&quot;yes&quot;,&quot;dce_visibility_selected&quot;:&quot;yes&quot;}\" data-widget_type=\"image-box.default\">\n<div class=\"elementor-widget-container\">\n<div class=\"elementor-image-box-wrapper\">\n<div class=\"elementor-image-box-content\">\n<div class=\"dce-visibility-event elementor-element elementor-element-2e0d095 e-con-full e-flex e-con dce-visibility-event-initialized\" data-id=\"2e0d095\" data-element_type=\"container\" data-settings=\"{&quot;content_width&quot;:&quot;full&quot;,&quot;enabled_visibility&quot;:&quot;yes&quot;,&quot;dce_visibility_selected&quot;:&quot;yes&quot;}\">\n<div class=\"dce-visibility-event elementor-element elementor-element-92454f5 elementor-position-left elementor-widget__width-initial elementor-vertical-align-top elementor-widget elementor-widget-image-box dce-visibility-event-initialized\" data-id=\"92454f5\" data-element_type=\"widget\" data-settings=\"{&quot;enabled_visibility&quot;:&quot;yes&quot;,&quot;dce_visibility_selected&quot;:&quot;yes&quot;}\" data-widget_type=\"image-box.default\">\n<div class=\"elementor-widget-container\">\n<div class=\"elementor-image-box-wrapper\">\n<div class=\"elementor-image-box-content\">\n<p class=\"elementor-image-box-description\">A Lei Geral de Prote\u00e7\u00e3o de Dados (LGPD), n\u00ba 13.709, foi aprovada em agosto de 2018 e entrou em vigor em 18 de setembro de 2020, com o objetivo de regulamentar o tratamento de dados pessoais, incluindo nos meios digitais, tanto por pessoas naturais quanto jur\u00eddicas, de direito p\u00fablico ou privado. Seus principais fundamentos s\u00e3o os direitos fundamentais de liberdade, privacidade e o livre desenvolvimento da personalidade da pessoa natural (Art.1\u00ba). Inspirada na legisla\u00e7\u00e3o europeia de prote\u00e7\u00e3o de dados (GDPR), em vigor desde 25 de maio de 2018, a LGPD se alinha a uma tend\u00eancia global, com mais de 130 pa\u00edses j\u00e1 possuindo legisla\u00e7\u00f5es semelhantes.<\/p>\n<\/div>\n<\/div>\n<\/div>\n<\/div>\n<\/div>\n<\/div>\n<\/div>\n<\/div>\n<\/div>\n<\/div>\n<p><strong>Obtenha a amostra deste produto realizando o download logo abaixo em <span style=\"color: #ca1111;\">formato PDF:<\/span><\/strong><\/p>\n<a  href=\"http:\/\/LINK_AQUI\" target=\"_blank\"   class=\"aux-button aux-medium aux-dark-gray aux-outline aux-uppercase\" ><span class=\"aux-overlay\"><\/span><span class=\"aux-text\">Acesse aqui<\/span><\/a>\n","protected":false},"excerpt":{"rendered":"<p>DESCRI\u00c7\u00c3O: A Lei Geral de Prote\u00e7\u00e3o de Dados (LGPD), n\u00ba 13.709, foi aprovada em agosto de 2018 e entrou em vigor em 18 de setembro de 2020, com o objetivo de regulamentar o tratamento de dados pessoais, incluindo nos meios digitais, tanto por pessoas naturais quanto jur\u00eddicas, de direito p\u00fablico ou privado. Seus principais fundamentos [&hellip;]<\/p>\n","protected":false},"featured_media":1816,"comment_status":"open","ping_status":"closed","template":"","meta":[],"product_brand":[],"product_cat":[16],"product_tag":[],"class_list":{"0":"post-1815","1":"product","2":"type-product","3":"status-publish","4":"has-post-thumbnail","6":"product_cat-cartorios","8":"first","9":"instock","10":"virtual","11":"product-type-simple"},"_links":{"self":[{"href":"https:\/\/santossimon.com.br\/dev\/wp-json\/wp\/v2\/product\/1815","targetHints":{"allow":["GET"]}}],"collection":[{"href":"https:\/\/santossimon.com.br\/dev\/wp-json\/wp\/v2\/product"}],"about":[{"href":"https:\/\/santossimon.com.br\/dev\/wp-json\/wp\/v2\/types\/product"}],"replies":[{"embeddable":true,"href":"https:\/\/santossimon.com.br\/dev\/wp-json\/wp\/v2\/comments?post=1815"}],"wp:featuredmedia":[{"embeddable":true,"href":"https:\/\/santossimon.com.br\/dev\/wp-json\/wp\/v2\/media\/1816"}],"wp:attachment":[{"href":"https:\/\/santossimon.com.br\/dev\/wp-json\/wp\/v2\/media?parent=1815"}],"wp:term":[{"taxonomy":"product_brand","embeddable":true,"href":"https:\/\/santossimon.com.br\/dev\/wp-json\/wp\/v2\/product_brand?post=1815"},{"taxonomy":"product_cat","embeddable":true,"href":"https:\/\/santossimon.com.br\/dev\/wp-json\/wp\/v2\/product_cat?post=1815"},{"taxonomy":"product_tag","embeddable":true,"href":"https:\/\/santossimon.com.br\/dev\/wp-json\/wp\/v2\/product_tag?post=1815"}],"curies":[{"name":"wp","href":"https:\/\/api.w.org\/{rel}","templated":true}]}}

Lei Geral de Proteção de Dados

<p><strong>DESCRIÇÃO:</strong></p>
<div class="dce-visibility-event elementor-element elementor-element-05f661d e-con-full e-flex e-con dce-visibility-event-initialized" data-id="05f661d" data-element_type="container" data-settings="{&quot;content_width&quot;:&quot;full&quot;,&quot;enabled_visibility&quot;:&quot;yes&quot;,&quot;dce_visibility_selected&quot;:&quot;yes&quot;}">
<div class="dce-visibility-event elementor-element elementor-element-81df542 elementor-position-left elementor-widget__width-initial elementor-vertical-align-top elementor-widget elementor-widget-image-box dce-visibility-event-initialized" data-id="81df542" data-element_type="widget" data-settings="{&quot;enabled_visibility&quot;:&quot;yes&quot;,&quot;dce_visibility_selected&quot;:&quot;yes&quot;}" data-widget_type="image-box.default">
<div class="elementor-widget-container">
<div class="elementor-image-box-wrapper">
<div class="elementor-image-box-content">
<div class="dce-visibility-event elementor-element elementor-element-2e0d095 e-con-full e-flex e-con dce-visibility-event-initialized" data-id="2e0d095" data-element_type="container" data-settings="{&quot;content_width&quot;:&quot;full&quot;,&quot;enabled_visibility&quot;:&quot;yes&quot;,&quot;dce_visibility_selected&quot;:&quot;yes&quot;}">
<div class="dce-visibility-event elementor-element elementor-element-92454f5 elementor-position-left elementor-widget__width-initial elementor-vertical-align-top elementor-widget elementor-widget-image-box dce-visibility-event-initialized" data-id="92454f5" data-element_type="widget" data-settings="{&quot;enabled_visibility&quot;:&quot;yes&quot;,&quot;dce_visibility_selected&quot;:&quot;yes&quot;}" data-widget_type="image-box.default">
<div class="elementor-widget-container">
<div class="elementor-image-box-wrapper">
<div class="elementor-image-box-content">
<p class="elementor-image-box-description">A Lei Geral de Proteção de Dados (LGPD), nº 13.709, foi aprovada em agosto de 2018 e entrou em vigor em 18 de setembro de 2020, com o objetivo de regulamentar o tratamento de dados pessoais, incluindo nos meios digitais, tanto por pessoas naturais quanto jurídicas, de direito público ou privado. Seus principais fundamentos são os direitos fundamentais de liberdade, privacidade e o livre desenvolvimento da personalidade da pessoa natural (Art.1º). Inspirada na legislação europeia de proteção de dados (GDPR), em vigor desde 25 de maio de 2018, a LGPD se alinha a uma tendência global, com mais de 130 países já possuindo legislações semelhantes.</p>
</div>
</div>
</div>
</div>
</div>
</div>
</div>
</div>
</div>
</div>
<p><strong>Obtenha a amostra deste produto realizando o download logo abaixo em <span style="color: #ca1111;">formato PDF:</span></strong></p>
<a  href="http://LINK_AQUI" target="_blank"   class="aux-button aux-medium aux-dark-gray aux-outline aux-uppercase" ><span class="aux-overlay"></span><span class="aux-text">Acesse aqui</span></a>

<p>DESCRIÇÃO: A Lei Geral de Proteção de Dados (LGPD), nº 13.709, foi aprovada em agosto de 2018 e entrou em vigor em 18 de setembro de 2020, com o objetivo de regulamentar o tratamento de dados pessoais, incluindo nos meios digitais, tanto por pessoas naturais quanto jurídicas, de direito público ou privado. Seus principais fundamentos [&hellip;]</p>
