{"id":1641,"date":"2022-12-06T19:37:46","date_gmt":"2022-12-06T19:37:46","guid":{"rendered":"https:\/\/santossimon.com.br\/dev\/?post_type=product&#038;p=1641"},"modified":"2025-06-05T21:04:34","modified_gmt":"2025-06-05T21:04:34","slug":"lei-geral-de-protecao-de-dados","status":"publish","type":"product","link":"https:\/\/santossimon.com.br\/dev\/produto\/lei-geral-de-protecao-de-dados\/","title":{"rendered":"Certid\u00f5es no Registro de Im\u00f3veis"},"content":{"rendered":"<p><strong>DESCRI\u00c7\u00c3O:<\/strong><\/p>\n<p>O reposit\u00f3rio fiel da propriedade dos im\u00f3veis, bem como os neg\u00f3cios jur\u00eddicos a eles inerentes \u00e9 constitu\u00eddo no Registro de Im\u00f3veis. A publicidade dos atos praticados no Registro de Im\u00f3veis se obt\u00e9m pelas certid\u00f5es. A certid\u00e3o do registro de im\u00f3veis ou certid\u00e3o imobili\u00e1ria \u00e9 a certid\u00e3o emitida pelo Cart\u00f3rio de Registro de Im\u00f3veis e fornece as informa\u00e7\u00f5es relativas ao im\u00f3vel, aos t\u00edtulos em tramita\u00e7\u00e3o, aos propriet\u00e1rios e demais titulares de direitos reais, aos endere\u00e7os e denomina\u00e7\u00f5es, aos \u00f4nus reais e \u00e0 situa\u00e7\u00e3o jur\u00eddica atualizada do im\u00f3vel.<\/p>\n<p><strong>Alguns Tipos de certid\u00f5es:<\/strong><br \/>\n<strong>1.<\/strong> Certid\u00e3o de Inteiro Teor da Matr\u00edcula<br \/>\n<strong>2.<\/strong> Certid\u00e3o de \u00d4nus e a\u00e7\u00f5es reais ou pessoais reipersecut\u00f3rios<br \/>\n<strong>3.<\/strong> Certid\u00e3o de Transcri\u00e7\u00e3o<br \/>\n<strong>4.<\/strong> Certid\u00e3o de Propriedade &#8211; Livro 5 &#8211; Indicador Pessoal<br \/>\n<strong>6.<\/strong> Certid\u00e3o em Relat\u00f3rio, conforme quesitos<br \/>\n<strong>7.<\/strong> Certid\u00e3o Resumida<br \/>\nO material elaborado, al\u00e9m de modelos de certid\u00f5es, discorrer\u00e1 sobre prazos, certid\u00f5es eletr\u00f4nicas, Central Nacional de Indisponibilidade de Bens, e a import\u00e2ncia das certid\u00f5es expedidas pelo Registro de Im\u00f3veis.<\/p>\n<p>&nbsp;<\/p>\n<p><strong>Obtenha a amostra deste produto realizando o download logo abaixo em <span style=\"color: #ca1111;\">formato PDF:<\/span><\/strong><\/p>\n<a  href=\"https:\/\/santossimon.com.br\/dev\/wp-summary\/EXEMPLO%20DO%20MATERIAL%20-%20CERTIDOES%20NO%20REGISTRO%20DE%20IMOVEIS.pdf\" target=\"_blank\"   class=\"aux-button aux-medium aux-dark-gray aux-outline aux-uppercase\" ><span class=\"aux-overlay\"><\/span><span class=\"aux-text\">Acesse aqui<\/span><\/a>\n","protected":false},"excerpt":{"rendered":"<p>DESCRI\u00c7\u00c3O: O reposit\u00f3rio fiel da propriedade dos im\u00f3veis, bem como os neg\u00f3cios jur\u00eddicos a eles inerentes \u00e9 constitu\u00eddo no Registro de Im\u00f3veis. A publicidade dos atos praticados no Registro de Im\u00f3veis se obt\u00e9m pelas certid\u00f5es. A certid\u00e3o do registro de im\u00f3veis ou certid\u00e3o imobili\u00e1ria \u00e9 a certid\u00e3o emitida pelo Cart\u00f3rio de Registro de Im\u00f3veis e [&hellip;]<\/p>\n","protected":false},"featured_media":1647,"comment_status":"open","ping_status":"closed","template":"","meta":[],"product_brand":[],"product_cat":[16],"product_tag":[],"class_list":{"0":"post-1641","1":"product","2":"type-product","3":"status-publish","4":"has-post-thumbnail","6":"product_cat-cartorios","8":"first","9":"instock","10":"virtual","11":"purchasable","12":"product-type-simple"},"_links":{"self":[{"href":"https:\/\/santossimon.com.br\/dev\/wp-json\/wp\/v2\/product\/1641","targetHints":{"allow":["GET"]}}],"collection":[{"href":"https:\/\/santossimon.com.br\/dev\/wp-json\/wp\/v2\/product"}],"about":[{"href":"https:\/\/santossimon.com.br\/dev\/wp-json\/wp\/v2\/types\/product"}],"replies":[{"embeddable":true,"href":"https:\/\/santossimon.com.br\/dev\/wp-json\/wp\/v2\/comments?post=1641"}],"wp:featuredmedia":[{"embeddable":true,"href":"https:\/\/santossimon.com.br\/dev\/wp-json\/wp\/v2\/media\/1647"}],"wp:attachment":[{"href":"https:\/\/santossimon.com.br\/dev\/wp-json\/wp\/v2\/media?parent=1641"}],"wp:term":[{"taxonomy":"product_brand","embeddable":true,"href":"https:\/\/santossimon.com.br\/dev\/wp-json\/wp\/v2\/product_brand?post=1641"},{"taxonomy":"product_cat","embeddable":true,"href":"https:\/\/santossimon.com.br\/dev\/wp-json\/wp\/v2\/product_cat?post=1641"},{"taxonomy":"product_tag","embeddable":true,"href":"https:\/\/santossimon.com.br\/dev\/wp-json\/wp\/v2\/product_tag?post=1641"}],"curies":[{"name":"wp","href":"https:\/\/api.w.org\/{rel}","templated":true}]}}