{"id":1639,"date":"2022-12-06T19:26:10","date_gmt":"2022-12-06T19:26:10","guid":{"rendered":"https:\/\/santossimon.com.br\/dev\/?post_type=product&#038;p=1639"},"modified":"2025-06-05T21:05:54","modified_gmt":"2025-06-05T21:05:54","slug":"edicao-especial-tabelionato-de-notas-e-advogados","status":"publish","type":"product","link":"https:\/\/santossimon.com.br\/dev\/produto\/edicao-especial-tabelionato-de-notas-e-advogados\/","title":{"rendered":"Edi\u00e7\u00e3o Especial Tabelionato de Notas e Advogados"},"content":{"rendered":"<p><strong>DESCRI\u00c7\u00c3O:<\/strong><\/p>\n<p>Teoria e pr\u00e1tica aplicada aos Atos Notariais, desde o Material Did\u00e1tico de orienta\u00e7\u00e3o, an\u00e1lise de casos e de riscos at\u00e9 a elabora\u00e7\u00e3o das minutas correspondentes.<\/p>\n<p>O material abrange:<\/p>\n<p>Orienta\u00e7\u00f5es do Conselho Nacional de Justi\u00e7a e em Decis\u00f5es do Supremo Tribunal Federal em rela\u00e7\u00e3o a sucess\u00e3o de companheiros, al\u00e9m das Normativas das Corregedorias Estaduais.<\/p>\n<p>Enfrenta temas complexos e situa\u00e7\u00f5es conflitantes oferecendo ao Not\u00e1rio argumentos e fundamentos para a tomada de decis\u00e3o, seja para realizar o ato Notarial envolvendo temas controvertidos, seja para a defesa de ato praticado, seja para deixar de realizar o ato tamb\u00e9m com argumento e fundamentos dependendo do caso concreto.<\/p>\n<p>Representa\u00e7\u00e3o em causa pr\u00f3pria da parte que tamb\u00e9m \u00e9 advogado (a).<\/p>\n<p>Minutas: + de 40 modelos, todos adaptados ao novo c\u00f3digo do processo civil.<\/p>\n<p>De Separa\u00e7\u00e3o \u00e0 luz da EC 66\/2010, Div\u00f3rcio, Reconhecimento e Dissolu\u00e7\u00e3o de Uni\u00e3o Est\u00e1vel, de Retifica\u00e7\u00e3o de nome, Nomea\u00e7\u00e3o de Inventariante, Invent\u00e1rios com Partilha, com Adjudica\u00e7\u00e3o Direta, com Cession\u00e1rios, com Donat\u00e1rios, com Credores, Invent\u00e1rio Negativo.<\/p>\n<p>Minutas adaptadas, dentre outras, \u00e0 recente Decis\u00e3o do Supremo Tribunal Federal, declarando Inconstitucional o Artigo 1.790 do C\u00f3digo Civil e equiparando a sucess\u00e3o dos Companheiros \u00e0 dos C\u00f4njuges.<\/p>\n<p><b>(Recurso Extraordin\u00e1rio n\u00ba 646.721) (Vide Recurso Extraordin\u00e1rio n\u00ba 878.694)<\/b>, sua Influ\u00eancia nas Escrituras de Uni\u00e3o Est\u00e1vel.<\/p>\n<p>Novo C\u00f3digo de Processo Civil e a equipara\u00e7\u00e3o\/enquadramento da Dissolu\u00e7\u00e3o de Uni\u00e3o Est\u00e1vel \u00e0s normas da Separa\u00e7\u00e3o e Divorcio Extrajudicial.<\/p>\n<p>Retifica\u00e7\u00e3o do Nome ap\u00f3s a finaliza\u00e7\u00e3o do Div\u00f3rcio, por iniciativa unilateral do ex-Divorciando que no Divorcio optou por permanecer com o nome de casado(a), e posteriormente resolve retornar ao uso do nome de solteiro (a), possibilidades e an\u00e1lise dos pontos controvertidos.<\/p>\n<p>Outras quest\u00f5es sobre a mat\u00e9ria, relevantes \u00e0 atividade Notarial.<\/p>\n<p>&nbsp;<\/p>\n<p><strong>Obtenha a amostra deste produto realizando o download logo abaixo em <span style=\"color: #ca1111\">formato PDF:<\/span><\/strong><\/p>\n<a  href=\"http:\/\/www.santossimon.com.br\/dev\/wp-summary\/MATERIAL-DE-EXEMPLO-Edicao-Especial-Teoria-e-Pratica-Extrajudicial.pdf\" target=\"_blank\"   class=\"aux-button aux-medium aux-dark-gray aux-outline aux-uppercase\" ><span class=\"aux-overlay\"><\/span><span class=\"aux-text\">Acesse aqui<\/span><\/a>\n","protected":false},"excerpt":{"rendered":"<p>DESCRI\u00c7\u00c3O: Teoria e pr\u00e1tica aplicada aos Atos Notariais, desde o Material Did\u00e1tico de orienta\u00e7\u00e3o, an\u00e1lise de casos e de riscos at\u00e9 a elabora\u00e7\u00e3o das minutas correspondentes. O material abrange: Orienta\u00e7\u00f5es do Conselho Nacional de Justi\u00e7a e em Decis\u00f5es do Supremo Tribunal Federal em rela\u00e7\u00e3o a sucess\u00e3o de companheiros, al\u00e9m das Normativas das Corregedorias Estaduais. Enfrenta [&hellip;]<\/p>\n","protected":false},"featured_media":1640,"comment_status":"open","ping_status":"closed","template":"","meta":[],"product_brand":[],"product_cat":[16],"product_tag":[],"class_list":{"0":"post-1639","1":"product","2":"type-product","3":"status-publish","4":"has-post-thumbnail","6":"product_cat-cartorios","8":"first","9":"instock","10":"virtual","11":"purchasable","12":"product-type-simple"},"_links":{"self":[{"href":"https:\/\/santossimon.com.br\/dev\/wp-json\/wp\/v2\/product\/1639","targetHints":{"allow":["GET"]}}],"collection":[{"href":"https:\/\/santossimon.com.br\/dev\/wp-json\/wp\/v2\/product"}],"about":[{"href":"https:\/\/santossimon.com.br\/dev\/wp-json\/wp\/v2\/types\/product"}],"replies":[{"embeddable":true,"href":"https:\/\/santossimon.com.br\/dev\/wp-json\/wp\/v2\/comments?post=1639"}],"wp:featuredmedia":[{"embeddable":true,"href":"https:\/\/santossimon.com.br\/dev\/wp-json\/wp\/v2\/media\/1640"}],"wp:attachment":[{"href":"https:\/\/santossimon.com.br\/dev\/wp-json\/wp\/v2\/media?parent=1639"}],"wp:term":[{"taxonomy":"product_brand","embeddable":true,"href":"https:\/\/santossimon.com.br\/dev\/wp-json\/wp\/v2\/product_brand?post=1639"},{"taxonomy":"product_cat","embeddable":true,"href":"https:\/\/santossimon.com.br\/dev\/wp-json\/wp\/v2\/product_cat?post=1639"},{"taxonomy":"product_tag","embeddable":true,"href":"https:\/\/santossimon.com.br\/dev\/wp-json\/wp\/v2\/product_tag?post=1639"}],"curies":[{"name":"wp","href":"https:\/\/api.w.org\/{rel}","templated":true}]}}