{"id":1637,"date":"2022-12-06T19:22:09","date_gmt":"2022-12-06T19:22:09","guid":{"rendered":"https:\/\/santossimon.com.br\/dev\/?post_type=product&#038;p=1637"},"modified":"2025-06-05T21:14:57","modified_gmt":"2025-06-05T21:14:57","slug":"usucapiao-extrajudicial-retificacao-administrativa","status":"publish","type":"product","link":"https:\/\/santossimon.com.br\/dev\/produto\/usucapiao-extrajudicial-retificacao-administrativa\/","title":{"rendered":"Usucapi\u00e3o Extrajudicial &#8211; Retifica\u00e7\u00e3o Administrativa"},"content":{"rendered":"<p><strong>DESCRI\u00c7\u00c3O:<\/strong><\/p>\n<p>RETIFICA\u00c7\u00c3O ADMINISTRATIVA REGISTRAL<\/p>\n<ul>\n<li>Artigo 213, Inciso II e seguintes da Lei 6015\/73 (alterado pela Lei 10.931\/2004).<\/li>\n<li>Procedimento que visa a retifica\u00e7\u00e3o de dados do im\u00f3vel ou das pessoas detentoras do direito real.<\/li>\n<li>Anterior a lei, a retifica\u00e7\u00e3o que alterasse metragens, \u00e1reas, confronta\u00e7\u00f5es, somente era poss\u00edvel pela via judicial, atualmente, \u00e9 facultado todo o procedimento pela via administrativa.<\/li>\n<li>Modelos: Requerimentos, impugna\u00e7\u00f5es, notifica\u00e7\u00f5es, autua\u00e7\u00f5es, negativa de registro, notas devolutivas, averba\u00e7\u00e3o da retifica\u00e7\u00e3o e nova matr\u00edcula.<\/li>\n<\/ul>\n<p><strong>USUCAPI\u00c3O EXTRAJUDICIAL<\/strong><\/p>\n<ul>\n<li>Artigo 216-A, da Lei 6015\/73 (inserido pelo artigo 1071 do CPC)<\/li>\n<li>Manuais explicativos:\n<ul>\n<li>Esp\u00e9cies de Usucapi\u00e3o: Ordin\u00e1ria, Ordin\u00e1ria com Prazo Reduzido, Extraordin\u00e1ria, Extraordin\u00e1ria com prazo Reduzido; Especial Urbana, especial Urbana Familiar, Especial Rural, Especial Ind\u00edgena, Extrajudicial.<\/li>\n<li>Documentos Obrigat\u00f3rios. Ata Notarial. Levantamento Topogr\u00e1fico. Notifica\u00e7\u00f5es e Cientifica\u00e7\u00f5es. Edital. Qualifica\u00e7\u00e3o Registral. Registro. Modelos<\/li>\n<\/ul>\n<\/li>\n<\/ul>\n<p>&nbsp;<\/p>\n<p><strong>Obtenha a amostra deste produto realizando o download logo abaixo em <span style=\"color: #ca1111;\">formato PDF:<\/span><\/strong><\/p>\n<a  href=\"https:\/\/santossimon.com.br\/dev\/wp-summary\/EXEMPLO%20DO%20MATERIAL%20-%20USUCAPI\u00c3O%20EXTRAJUDICIAL%20RETIFICA\u00c7\u00c3O%20ADMINISTRATIVA.pdf\" target=\"_blank\"   class=\"aux-button aux-medium aux-dark-gray aux-outline aux-uppercase\" ><span class=\"aux-overlay\"><\/span><span class=\"aux-text\">Acesse aqui<\/span><\/a>\n","protected":false},"excerpt":{"rendered":"<p>DESCRI\u00c7\u00c3O: RETIFICA\u00c7\u00c3O ADMINISTRATIVA REGISTRAL Artigo 213, Inciso II e seguintes da Lei 6015\/73 (alterado pela Lei 10.931\/2004). Procedimento que visa a retifica\u00e7\u00e3o de dados do im\u00f3vel ou das pessoas detentoras do direito real. Anterior a lei, a retifica\u00e7\u00e3o que alterasse metragens, \u00e1reas, confronta\u00e7\u00f5es, somente era poss\u00edvel pela via judicial, atualmente, \u00e9 facultado todo o procedimento [&hellip;]<\/p>\n","protected":false},"featured_media":1638,"comment_status":"open","ping_status":"closed","template":"","meta":[],"product_brand":[],"product_cat":[16],"product_tag":[],"class_list":{"0":"post-1637","1":"product","2":"type-product","3":"status-publish","4":"has-post-thumbnail","6":"product_cat-cartorios","8":"first","9":"instock","10":"virtual","11":"purchasable","12":"product-type-simple"},"_links":{"self":[{"href":"https:\/\/santossimon.com.br\/dev\/wp-json\/wp\/v2\/product\/1637","targetHints":{"allow":["GET"]}}],"collection":[{"href":"https:\/\/santossimon.com.br\/dev\/wp-json\/wp\/v2\/product"}],"about":[{"href":"https:\/\/santossimon.com.br\/dev\/wp-json\/wp\/v2\/types\/product"}],"replies":[{"embeddable":true,"href":"https:\/\/santossimon.com.br\/dev\/wp-json\/wp\/v2\/comments?post=1637"}],"wp:featuredmedia":[{"embeddable":true,"href":"https:\/\/santossimon.com.br\/dev\/wp-json\/wp\/v2\/media\/1638"}],"wp:attachment":[{"href":"https:\/\/santossimon.com.br\/dev\/wp-json\/wp\/v2\/media?parent=1637"}],"wp:term":[{"taxonomy":"product_brand","embeddable":true,"href":"https:\/\/santossimon.com.br\/dev\/wp-json\/wp\/v2\/product_brand?post=1637"},{"taxonomy":"product_cat","embeddable":true,"href":"https:\/\/santossimon.com.br\/dev\/wp-json\/wp\/v2\/product_cat?post=1637"},{"taxonomy":"product_tag","embeddable":true,"href":"https:\/\/santossimon.com.br\/dev\/wp-json\/wp\/v2\/product_tag?post=1637"}],"curies":[{"name":"wp","href":"https:\/\/api.w.org\/{rel}","templated":true}]}}