{"id":157,"date":"2022-09-17T15:48:21","date_gmt":"2022-09-17T15:48:21","guid":{"rendered":"https:\/\/santossimon.com.br\/dev\/?post_type=product&#038;p=157"},"modified":"2025-06-05T21:07:10","modified_gmt":"2025-06-05T21:07:10","slug":"incorporacao-imobiliaria","status":"publish","type":"product","link":"https:\/\/santossimon.com.br\/dev\/produto\/incorporacao-imobiliaria\/","title":{"rendered":"Incorpora\u00e7\u00e3o Imobili\u00e1ria"},"content":{"rendered":"<p><strong>DESCRI\u00c7\u00c3O:<\/strong><\/p>\n<p><b>INCORPORA\u00c7\u00c3O DE CONDOMINIO, PERMUTA POR \u00c1REA CONSTRU\u00cdDA, PATRIMONIO DE AFETA\u00c7\u00c3O, PARCELAMENTO DE SOLO, CONDOMINIO DE LOTES.<\/b><\/p>\n<p><b>Lei 4.591\/64<\/b>\u00a0que disp\u00f5e sobre o condom\u00ednio em edifica\u00e7\u00f5es e as incorpora\u00e7\u00f5es imobili\u00e1rias. Rela\u00e7\u00e3o de documentos do\u00a0<b>artigo 32<\/b>\u00a0e a import\u00e2ncia do registro de im\u00f3veis para seguran\u00e7a de venda dos im\u00f3veis na planta. Modelos de registro de incorpora\u00e7\u00f5es de pr\u00e9dios residenciais, de casas, de sobrados, residencial e comercial. Permuta por \u00e1rea constru\u00edda \u2013 Modelos de registro e minutas de escrituras. Patrim\u00f4nio de afeta\u00e7\u00e3o nas incorpora\u00e7\u00f5es imobili\u00e1rias \u2013 documenta\u00e7\u00e3o e modelo de averba\u00e7\u00e3o. Parcelamento do solo e os condom\u00ednios de lotes \u2013\u00a0<b>Lei 6.766\/79<\/b>\u00a0e as altera\u00e7\u00f5es introduzidas pela\u00a0<b>Lei 13.465\/2017<\/b>. Nosso material conter\u00e1 doutrina, jurisprud\u00eancia e modelos de registros e minutas.<\/p>\n<p>&nbsp;<\/p>\n<p><strong>Obtenha a amostra deste produto realizando o download logo abaixo em <span style=\"color: #ca1111;\">formato PDF:<\/span><\/strong><\/p>\n<button   class=\"aux-button aux-medium aux-dark-gray aux-outline aux-uppercase\" ><span class=\"aux-overlay\"><\/span><span class=\"aux-text\">Acesse aqui<\/span><\/button>\n","protected":false},"excerpt":{"rendered":"<p>Lei 4.591\/64\u00a0que disp\u00f5e sobre o condom\u00ednio em edifica\u00e7\u00f5es e as incorpora\u00e7\u00f5es imobili\u00e1rias. Rela\u00e7\u00e3o de documentos do\u00a0artigo 32\u00a0e a import\u00e2ncia do registro de im\u00f3veis para seguran\u00e7a de venda dos im\u00f3veis na planta. Modelos de registro de incorpora\u00e7\u00f5es de pr\u00e9dios residenciais, de casas, de sobrados, residencial e comercial. Permuta por \u00e1rea constru\u00edda \u2013 Modelos de registro e minutas de escrituras. Patrim\u00f4nio de afeta\u00e7\u00e3o nas incorpora\u00e7\u00f5es imobili\u00e1rias \u2013 documenta\u00e7\u00e3o e modelo de averba\u00e7\u00e3o. Parcelamento do solo e os condom\u00ednios de lotes \u2013\u00a0Lei 6.766\/79\u00a0e as altera\u00e7\u00f5es introduzidas pela\u00a0Lei 13.465\/2017. Nosso material conter\u00e1 doutrina, jurisprud\u00eancia e modelos de registros e minutas.<\/p>\n","protected":false},"featured_media":1051,"comment_status":"open","ping_status":"closed","template":"","meta":[],"product_brand":[],"product_cat":[16],"product_tag":[],"class_list":{"0":"post-157","1":"product","2":"type-product","3":"status-publish","4":"has-post-thumbnail","6":"product_cat-cartorios","8":"first","9":"instock","10":"shipping-taxable","11":"purchasable","12":"product-type-simple"},"_links":{"self":[{"href":"https:\/\/santossimon.com.br\/dev\/wp-json\/wp\/v2\/product\/157","targetHints":{"allow":["GET"]}}],"collection":[{"href":"https:\/\/santossimon.com.br\/dev\/wp-json\/wp\/v2\/product"}],"about":[{"href":"https:\/\/santossimon.com.br\/dev\/wp-json\/wp\/v2\/types\/product"}],"replies":[{"embeddable":true,"href":"https:\/\/santossimon.com.br\/dev\/wp-json\/wp\/v2\/comments?post=157"}],"wp:featuredmedia":[{"embeddable":true,"href":"https:\/\/santossimon.com.br\/dev\/wp-json\/wp\/v2\/media\/1051"}],"wp:attachment":[{"href":"https:\/\/santossimon.com.br\/dev\/wp-json\/wp\/v2\/media?parent=157"}],"wp:term":[{"taxonomy":"product_brand","embeddable":true,"href":"https:\/\/santossimon.com.br\/dev\/wp-json\/wp\/v2\/product_brand?post=157"},{"taxonomy":"product_cat","embeddable":true,"href":"https:\/\/santossimon.com.br\/dev\/wp-json\/wp\/v2\/product_cat?post=157"},{"taxonomy":"product_tag","embeddable":true,"href":"https:\/\/santossimon.com.br\/dev\/wp-json\/wp\/v2\/product_tag?post=157"}],"curies":[{"name":"wp","href":"https:\/\/api.w.org\/{rel}","templated":true}]}}