{"id":144,"date":"2022-09-16T22:45:03","date_gmt":"2022-09-16T22:45:03","guid":{"rendered":"https:\/\/santossimon.com.br\/dev\/?post_type=product&#038;p=144"},"modified":"2025-06-05T21:06:14","modified_gmt":"2025-06-05T21:06:14","slug":"edicao-extra-tabelionato-de-notas","status":"publish","type":"product","link":"https:\/\/santossimon.com.br\/dev\/produto\/edicao-extra-tabelionato-de-notas\/","title":{"rendered":"Edi\u00e7\u00e3o Extra &#8211; Tabelionato de Notas"},"content":{"rendered":"<p><strong>DESCRI\u00c7\u00c3O:<\/strong><\/p>\n<p>Agilidade e seguran\u00e7a, mais de 100 (cem) minutas de escrituras revisadas e adaptadas a legisla\u00e7\u00e3o atual.<\/p>\n<p>Minutas de Compra e venda (em v\u00e1rias modalidades, com condi\u00e7\u00e3o resolutiva, com cl\u00e1usula de retrovenda, com pagamento em \u00e1rea constru\u00edda); aliena\u00e7\u00e3o fiduci\u00e1ria; hipoteca; doa\u00e7\u00e3o (com suas varia\u00e7\u00f5es, com cl\u00e1usulas de inalienabilidade, incomunicabilidade, impenhorabilidade, com reserva de usufruto, com cl\u00e1usula de revers\u00e3o); institui\u00e7\u00e3o de condom\u00ednio, conven\u00e7\u00e3o de condom\u00ednio, divis\u00e3o amig\u00e1vel, invent\u00e1rio, div\u00f3rcio, ata notarial, pacto antenupcial e etc. S\u00e3o mais de 100 minutas, para os mais variados atendimentos em sua serventia.<\/p>\n<p>Neste material, tamb\u00e9m inclu\u00edmos diversos modelos de procura\u00e7\u00f5es e tamb\u00e9m minutas de escrituras declarat\u00f3rias.<\/p>\n<p><b>\u2022 CONSULTORIAS PERGUNTAS E RESPOSTAS<\/b><\/p>\n<p>Sua d\u00favida pode ser a d\u00favida de outros, e outros que j\u00e1 tiveram seus questionamentos respondidos atrav\u00e9s do nosso produto \u201cConsultorias\u201d.<\/p>\n<p>Separamos nossas consultas mais pertinentes e interessantes voltadas para a atender nossos clientes de tabelionatos. S\u00e3o mais de 50 perguntas, resposta e sugest\u00e3o de minutas para auxili\u00e1-los no dia a dia.<\/p>\n<p>&nbsp;<\/p>\n<p><strong>Obtenha a amostra deste produto realizando o download logo abaixo em <span style=\"color: #ca1111\">formato PDF:<\/span><\/strong><\/p>\n<a  href=\"https:\/\/santossimon.com.br\/dev\/wp-summary\/EXEMPLO%20DE%20MATERIAL%20-%20Edi\u00e7\u00e3o%20Extra%20-%20Tabelionato%20de%20Notas.pdf\" target=\"_blank\"   class=\"aux-button aux-medium aux-dark-gray aux-outline aux-uppercase\" ><span class=\"aux-overlay\"><\/span><span class=\"aux-text\">Acesse aqui<\/span><\/a>\n","protected":false},"excerpt":{"rendered":"<p>Agilidade e seguran\u00e7a, mais de 100 (cem) minutas de escrituras revisadas e adaptadas a legisla\u00e7\u00e3o atual.<\/p>\n<p>Minutas de Compra e venda (em v\u00e1rias modalidades, com condi\u00e7\u00e3o resolutiva, com cl\u00e1usula de retrovenda, com pagamento em \u00e1rea constru\u00edda); aliena\u00e7\u00e3o fiduci\u00e1ria; hipoteca; doa\u00e7\u00e3o (com suas varia\u00e7\u00f5es, com cl\u00e1usulas de inalienabilidade, incomunicabilidade, impenhorabilidade, com reserva de usufruto, com cl\u00e1usula de revers\u00e3o); institui\u00e7\u00e3o de condom\u00ednio, conven\u00e7\u00e3o de condom\u00ednio, divis\u00e3o amig\u00e1vel, invent\u00e1rio, div\u00f3rcio, ata notarial, pacto antenupcial e etc. S\u00e3o mais de 100 minutas, para os mais variados atendimentos em sua serventia.<\/p>\n","protected":false},"featured_media":1047,"comment_status":"open","ping_status":"closed","template":"","meta":[],"product_brand":[],"product_cat":[16],"product_tag":[],"class_list":{"0":"post-144","1":"product","2":"type-product","3":"status-publish","4":"has-post-thumbnail","6":"product_cat-cartorios","8":"first","9":"instock","10":"shipping-taxable","11":"purchasable","12":"product-type-simple"},"_links":{"self":[{"href":"https:\/\/santossimon.com.br\/dev\/wp-json\/wp\/v2\/product\/144","targetHints":{"allow":["GET"]}}],"collection":[{"href":"https:\/\/santossimon.com.br\/dev\/wp-json\/wp\/v2\/product"}],"about":[{"href":"https:\/\/santossimon.com.br\/dev\/wp-json\/wp\/v2\/types\/product"}],"replies":[{"embeddable":true,"href":"https:\/\/santossimon.com.br\/dev\/wp-json\/wp\/v2\/comments?post=144"}],"wp:featuredmedia":[{"embeddable":true,"href":"https:\/\/santossimon.com.br\/dev\/wp-json\/wp\/v2\/media\/1047"}],"wp:attachment":[{"href":"https:\/\/santossimon.com.br\/dev\/wp-json\/wp\/v2\/media?parent=144"}],"wp:term":[{"taxonomy":"product_brand","embeddable":true,"href":"https:\/\/santossimon.com.br\/dev\/wp-json\/wp\/v2\/product_brand?post=144"},{"taxonomy":"product_cat","embeddable":true,"href":"https:\/\/santossimon.com.br\/dev\/wp-json\/wp\/v2\/product_cat?post=144"},{"taxonomy":"product_tag","embeddable":true,"href":"https:\/\/santossimon.com.br\/dev\/wp-json\/wp\/v2\/product_tag?post=144"}],"curies":[{"name":"wp","href":"https:\/\/api.w.org\/{rel}","templated":true}]}}